1078. Let d = 672 + p. Is d a prime number?
False
Let m(n) = 114*n - 2. Let q be m(1). Suppose -q + 1860 = 4*g. Is g a prime number?
False
Let m(y) = -y**2 + 14*y - 2. Let g(d) = -d**2 + 11*d + 11. Let c be g(11). Is m(c) composite?
False
Let v(z) = 5*z + 3 + 2 - 6*z - 4*z**2 - 9*z**3. Is v(-4) a composite number?
False
Let v(j) = 6*j + 1. Let q be v(-6). Let c = 86 + q. Is c a prime number?
False
Suppose 0 = 3*u - 2*u, -113 = -x + 5*u. Is x a prime number?
True
Let s be -2*((-9)/6)/3. Let o(n) = 2 + 5*n + 3*n - 1. Is o(s) prime?
False
Suppose 0 = 4*h - 4*u - 7604, 0 = h - 3*u - 1222 - 679. Is h a composite number?
False
Let r = 21 - 39. Let q(o) = -16*o + 5. Let t be q(-2). Let v = t + r. Is v a composite number?
False
Let f(l) = -25*l + 4*l + 24 - 19. Is f(-4) a composite number?
False
Let p(k) = k**2 + 8*k + 2. Let h be p(-8). Suppose -71 = -3*w + y, 4*w + h*y - y - 83 = 0. Is w composite?
True
Suppose 1584 + 1137 = 3*t. Is t prime?
True
Let g = 1 + 1. Let u be 1/(2 + -3 + g). Is 3/(-9)*u*-57 prime?
True
Is (491*-4)/(-4) + 0 prime?
True
Suppose 4*p = -0*p + 12. Let n(q) = 176*q**2 + 2*q - 1. Let h be n(1). Suppose 0 = p*r - 54 - h. Is r a prime number?
False
Let u = 4 - 1. Let v be -3 + u/9*3. Is (1/(-3))/(v/258) composite?
False
Suppose -1796 = -v + 183. Is v composite?
False
Suppose 0 = 2*u - 1 + 11. Let t(m) = 3*m**2 + 5*m. Let q be t(u). Let d = q - -27. Is d a composite number?
True
Let b(v) = 1. Let z(x) = x**2 + x - 6. Let m(h) = 11*b(h) + 2*z(h). Is m(4) a composite number?
True
Is (-3)/(-27)*1074*102/4 prime?
False
Let n = -125 - -660. Is n composite?
True
Let i = 29 - 66. Is 4/(3 - (-109)/i) prime?
False
Suppose -4*y - 2*g + 4036 = 0, y + 0*g - 999 = 2*g. Is y a composite number?
True
Suppose 0*w - 4*w = u - 553, 2*u = -4*w + 1106. Is u prime?
False
Suppose 2*g = g + 41. Suppose -g = -3*k + 514. Is k prime?
False
Let i = 3 + 0. Suppose 4*q - 2*j = i*j + 28, -5*q - j + 6 = 0. Suppose 82 = q*k + 20. Is k a prime number?
True
Suppose 4419 = 20*t - 11*t. Is t a composite number?
False
Let w(u) = 23*u**2 + u - 1. Let r be w(1). Suppose 2*d + r = 5*h, -h - 4*h - 5*d = -30. Is (-555)/h*2/(-6) prime?
True
Suppose -4 - 4 = 4*m. Let q(a) = a**3 + 2*a**2 + 3*a + 3. Let f be q(m). Is (f - (3 + -3)) + 164 a composite number?
True
Let z = -7 - -13. Let g = -6 + z. Is (g + 3 - 14)*-3 a prime number?
False
Let o be (-10)/(-3) - 2/6. Suppose -o*i + 2*s + 10 = 0, 2*i - s - 1 = 7. Let v = 17 - i. Is v a composite number?
False
Let k(r) = 39 + 35 + r**2 - r - 27. Let y = 7 + -7. Is k(y) a composite number?
False
Suppose -1966 = -2*k + 3*w, 0 = -2*k + 3*k + 3*w - 965. Is k prime?
True
Suppose t = 5*a - 6291, -3*a + 3*t = 2*a - 6283. Is a a composite number?
False
Let q be 11 + (0 + 6)/3. Suppose -q = -3*y + 8. Is y prime?
True
Let u = 46 + 3. Suppose -u - 14 = -3*w. Is w composite?
True
Let m = 5 + 28. Is m composite?
True
Is 0 + 148 + (-5)/(-5) composite?
False
Let c = 11 - 23. Let v(i) = 4*i**2 + 10*i - 9. Is v(c) a composite number?
True
Suppose -25*n + 30*n = 290. Is n prime?
False
Let i = -4 + 6. Suppose 5*u = -i*j + 3*j, j + 5 = 0. Is u + (1 - -2) - -8 a composite number?
True
Let b(q) = q**2 - 6*q - 7. Let c(t) = t - 1. Let g(m) = -b(m) + 2*c(m). Let h be g(7). Suppose 5*k - h = 18. Is k a composite number?
True
Suppose -20 = -2*o - 4. Let u = o - 5. Suppose 5*p = -u + 128. Is p a composite number?
True
Suppose 0 = -a + 3*a - 108. Let b = a - 19. Is b a composite number?
True
Suppose -2*q + 4 = 2*f, 4*f - 10 = 3*q - 8*q. Suppose -2*j + 0*j = q*z - 76, 155 = 4*j + 5*z. Is j prime?
False
Is 5620/14 - (-33)/(-77) prime?
True
Let g be (-162)/(-63)*28/6. Is 2/(-12) - (-1166)/g a prime number?
True
Let h(r) = -r**3 + 8*r**2 - 6*r - 6. Let u be h(7). Is 4 + -1 + (u - -181) composite?
True
Let r be 2/(6/81)*74. Suppose 0*a + 2*a - 2*h - r = 0, 3*a + 4*h - 2983 = 0. Is a composite?
False
Is ((8166/4)/3)/((-1)/(-2)) a composite number?
False
Suppose -8 = 4*k + g + g, 3*k + 5*g = -20. Suppose 2*x = 2*s + 450, k = -0*x - 4*x - 3*s + 886. Is x composite?
False
Suppose 0 = 3*o + o - 3*z - 2119, 5*o - 2625 = -z. Suppose u = 3*u - o. Is u composite?
False
Suppose -5*z - 25 = 5*u - 1550, 0 = 5*z - u - 1537. Is z a prime number?
True
Is (894/2 - -4) + 0 prime?
False
Suppose 20 = -4*r, -r - 5 = -5*h - 3*r. Let j = -3 - h. Is ((-2)/j)/(4/1524) prime?
True
Suppose 0 = t - 4*f - 2163, f - 3*f - 8694 = -4*t. Suppose z = -2*z + t. Suppose -r - z = -6*r. Is r prime?
False
Let w = 105 - 91. Is w composite?
True
Let i = -13 - -10. Is (-390)/(-4) - i/(-6) a prime number?
True
Let g = -5 + 8. Suppose 13 + g = 4*o. Is 1/4 - (-39)/o composite?
True
Suppose -2*a + 618 = 3*a + m, 120 = a - m. Is a prime?
False
Suppose 0 = -5*u + u + 8. Suppose -10 = -u*y, 69 = -2*b + 3*b + 2*y. Is b prime?
True
Suppose 0 = 3*b + b + 5*g - 5861, 5*b + 2*g = 7339. Is b a composite number?
True
Let z = 7 - 5. Suppose 9 = z*o - 9. Is o composite?
True
Suppose -d + 1112 - 389 = -2*f, -5*d - 5*f + 3585 = 0. Is d prime?
True
Suppose -n - 3 = -4*w + 1, -5*n - 20 = -4*w. Suppose -4*p = 4 - w. Let x(g) = -36*g + 1. Is x(p) a prime number?
True
Let c be (1 - 2)*(-108)/4. Let f = -8 + c. Is f composite?
False
Suppose 3*j - 5 = -k, 16 = -5*k - 2*j - 11. Let t(v) = v**2 + 7*v + 3. Let m be t(k). Suppose -m*i - 51 = -150. Is i composite?
True
Is (24859/5 - 0) + (-256)/320 prime?
False
Suppose -3*j = -n - 2164, j + 1448 = 3*j + 2*n. Let x = j - 405. Is x a prime number?
True
Suppose 2*g - g + r = 6, 0 = 5*g + 3*r - 24. Suppose -g*f = 2*f + 2025. Is 2/11 - f/11 composite?
False
Is 28*((-6)/(-6))/(8/10) composite?
True
Let z = 45 - -74. Is z a prime number?
False
Let p(s) = -s**3 - 7*s**2 - 9*s. Let k(r) = r**3 + 8*r**2 + 8*r. Let j(d) = 4*k(d) + 3*p(d). Let y(a) = -a**2 - 7. Let g be y(0). Is j(g) composite?
True
Let r = -204 - -604. Suppose -i = 93 - r. Is i prime?
True
Let o(c) = -c - 2. Let s be o(-3). Let i(p) = 3*p - 14*p - s + 2. Is i(-6) a prime number?
True
Let n = 33 + 4. Let m = 72 - n. Is m a composite number?
True
Suppose -y = -2*x - 33 - 44, 5*y = 2*x + 425. Is y prime?
False
Suppose 5*m - 2*m + 2*q = -80, -q = -m - 20. Let z = 15 + m. Let b = z - -18. Is b composite?
True
Suppose m - 12 = -2*c + 6*m, 5*m - 6 = -c. Is (9/c)/((-18)/(-1740)) prime?
False
Suppose 0 = k + 2*k. Suppose 2*i + i - 12 = k. Suppose -i*s + 105 = s. Is s prime?
False
Suppose -5*a + 4*a + 18 = 0. Let o be (-1)/(-2) + 27/6. Let m = a - o. Is m a composite number?
False
Let p(r) = -r**2 - 7*r + 10. Let b be p(-11). Let s = 49 + b. Is s prime?
False
Suppose -3*q = -s + 6 - 27, 3*s = -5*q - 133. Is 2/9 - 20044/s a composite number?
False
Let d(k) = -2*k - 25. Let r be d(-11). Suppose -4*h + 0*h = -5*t - 1096, 2*t + 8 = 0. Is 2/(-3) - h/r composite?
False
Let o = 1 - -1. Suppose g - 9 = -5*j, -o*g + 3*g = -j + 17. Is g a prime number?
True
Suppose -2*f = b - 505, 0*b = -4*f - b + 1013. Is f a composite number?
True
Suppose -4*a + 12 = -0*a - z, 4*z = 16. Suppose -4*l + a = -4*o, 4*o + 3*l + 1 = 3*o. Is (1/o)/(3/(-255)) prime?
False
Is -3*(-3)/(-9) + 150 composite?
False
Let d(f) = 14*f - 10*f + 34*f + f. Is d(1) a prime number?
False
Suppose 365 = 5*h - 175. Suppose 2*d - 197 = 3*m, -4*d + 341 + h = 5*m. Is d prime?
False
Let a be 2/(-5)*(-128 - -3). Suppose 6*d - d = -a. Let p(y) = -4*y - 5. Is p(d) a composite number?
True
Suppose 6 = -r + 3*r. Let g = r - 1. Suppose 3*k + 264 = 3*o, 5*o + g*k = 478 - 73. Is o a composite number?
False
Let w = 84 - -211. Suppose 21 = 4*i - w. Is i a composite number?
False
Let b be 17/4 + 1/(-4). Suppose -b*x + x + 267 = 0. Is x a composite number?
False
Let p = 1629 + -1148. Let o = p + -338. Is o a prime number?
False
Let y(d) = 13*d**3 - 2*d**2 - 2*d - 5. Is y(4) a composite number?
False
Let a = 12 + -6. Let n be (-34)/(-6) - a/9. Let b(i) = 4*i + 3. Is b(n) composite?
False
Let g = 1037 + 372. Is g a composite number?
False
Let a(p) = -p**2 + 2*p + 7. Let w(n) = -3 + 0*n + 4 + n. Let d(f) = -a(f) + 5*w(f). Is d(-4) composite?
False
Is ((-126)/4)/(7/(-1078)) - -4 a prime number?
False
Suppose -2*l + 12 = l. Let k be ((-15)/6)/((-2)/l). Suppose k*w - 635 = -0*w. Is w composite?
False
Let w be 3/2*-4 - -3. Is -1 + (w - -17)/1 prime?
True
Let h = -57 - -21. Suppose -3*v = -9, 4*c + 2*v + 1